{"id":106,"date":"2023-05-03T18:22:07","date_gmt":"2023-05-03T18:22:07","guid":{"rendered":"https:\/\/ahmex.mx\/?page_id=106"},"modified":"2023-07-13T14:46:43","modified_gmt":"2023-07-13T14:46:43","slug":"nosotros","status":"publish","type":"page","link":"https:\/\/ahmex.mx\/index.php\/nosotros\/","title":{"rendered":"Nosotros"},"content":{"rendered":"\n<!DOCTYPE html>\n<html>\n\n<head>\n    <title>Salto<\/title>\n<\/head>\n\n<body>\n  <br>\n<br>\n  <br>\n<br>\n<\/body>\n\n<\/html>\n\n\n\n<h2 class=\"wp-block-heading alignfull has-text-align-center animated zoomIn delay-1s slow has-ast-global-color-5-color has-ast-global-color-0-background-color has-text-color has-background\" style=\"padding-top:0;padding-right:0;padding-bottom:0;padding-left:0;font-size:50px\"><strong>Nosotros<\/strong><\/h2>\n\n\n\n<p class=\"has-ast-global-color-8-color has-text-color\" style=\"font-size:23px\"><strong>Ahmex tiene bien definido cu\u00e1l es su visi\u00f3n y misi\u00f3n hacia consigo mismo como con sus clientes como a quien brinda sus servicios, as\u00ed mismo, como empresa siempre hace \u00e9nfasis en mantener una buena comunicaci\u00f3n entre sus colaboradores, tomando en cuenta los valores que dan sustento a su esencia como organizaci\u00f3n prestadora de servicios. <\/strong><\/p>\n\n\n\n<div class=\"wp-block-columns is-layout-flex wp-container-4\" style=\"border-radius:0px;padding-top:0;padding-right:0;padding-bottom:0;padding-left:0\">\n<div class=\"wp-block-column has-ast-global-color-5-color has-text-color is-layout-flow\">\n<p class=\"has-text-align-center animated flipInX delay-500ms slower has-ast-global-color-8-color has-electric-grass-gradient-background has-text-color has-background\" style=\"padding-top:0;padding-right:0;padding-bottom:0;padding-left:0;font-size:23px\"><strong>Misi\u00f3n<\/strong><\/p>\n\n\n\n<figure class=\"wp-block-image aligncenter size-full is-resized has-custom-border animated pulse delay-500ms\"><img decoding=\"async\" loading=\"lazy\" src=\"https:\/\/ahmex.mx\/wp-content\/uploads\/2023\/07\/mision-1.png\" alt=\"\" class=\"wp-image-1123\" style=\"border-style:none;border-width:0px\" width=\"92\" height=\"92\" srcset=\"https:\/\/ahmex.mx\/wp-content\/uploads\/2023\/07\/mision-1.png 512w, https:\/\/ahmex.mx\/wp-content\/uploads\/2023\/07\/mision-1-300x300.png 300w, https:\/\/ahmex.mx\/wp-content\/uploads\/2023\/07\/mision-1-150x150.png 150w\" sizes=\"(max-width: 92px) 100vw, 92px\" \/><\/figure>\n\n\n\n<p class=\"has-ast-global-color-8-color has-electric-grass-gradient-background has-text-color has-background\">Ser una empresa distribuidora de equipos y medicamentos, mobiliario y servicios para el sector salud, asegurando a nuestros clientes el cumplimiento de sus requerimientos dentro de la rep\u00fablica mexicana.<\/p>\n<\/div>\n\n\n\n<div class=\"wp-block-column is-layout-flow\">\n<p class=\"has-text-align-center animated flipInX delay-500ms slower has-ast-global-color-8-color has-very-light-gray-to-cyan-bluish-gray-gradient-background has-text-color has-background\" style=\"padding-top:0;padding-right:0;padding-bottom:0;padding-left:0;font-size:23px\"><strong>Visi\u00f3n<\/strong> <\/p>\n\n\n\n<figure class=\"wp-block-image aligncenter size-full is-resized animated pulse delay-500ms\"><img decoding=\"async\" loading=\"lazy\" src=\"https:\/\/ahmex.mx\/wp-content\/uploads\/2023\/07\/vision-1.png\" alt=\"\" class=\"wp-image-1129\" width=\"90\" height=\"90\" srcset=\"https:\/\/ahmex.mx\/wp-content\/uploads\/2023\/07\/vision-1.png 512w, https:\/\/ahmex.mx\/wp-content\/uploads\/2023\/07\/vision-1-300x300.png 300w, https:\/\/ahmex.mx\/wp-content\/uploads\/2023\/07\/vision-1-150x150.png 150w\" sizes=\"(max-width: 90px) 100vw, 90px\" \/><\/figure>\n\n\n\n<p class=\"has-text-align-center has-ast-global-color-8-color has-very-light-gray-to-cyan-bluish-gray-gradient-background has-text-color has-background\" style=\"font-size:18px\">Ser una empresa reconocida por nuestros clientes, proveedores y capital humano, por estar en constante innovaci\u00f3n en nuestros procesos y estrategias basados en normas y est\u00e1ndares en M\u00e9xico.<\/p>\n<\/div>\n\n\n\n<div class=\"wp-block-column has-ast-global-color-5-color has-text-color is-layout-flow\">\n<p class=\"has-text-align-center animated flipInX delay-500ms slower has-ast-global-color-8-color has-luminous-vivid-amber-to-luminous-vivid-orange-gradient-background has-text-color has-background\" style=\"padding-top:0;padding-right:0;padding-bottom:0;padding-left:0;font-size:23px\"><strong>Valores<\/strong><\/p>\n\n\n\n<figure class=\"wp-block-image aligncenter size-full is-resized animated pulse delay-500ms\"><img decoding=\"async\" loading=\"lazy\" src=\"https:\/\/ahmex.mx\/wp-content\/uploads\/2023\/07\/valores.png\" alt=\"\" class=\"wp-image-1130\" width=\"90\" height=\"90\" srcset=\"https:\/\/ahmex.mx\/wp-content\/uploads\/2023\/07\/valores.png 512w, https:\/\/ahmex.mx\/wp-content\/uploads\/2023\/07\/valores-300x300.png 300w, https:\/\/ahmex.mx\/wp-content\/uploads\/2023\/07\/valores-150x150.png 150w\" sizes=\"(max-width: 90px) 100vw, 90px\" \/><\/figure>\n\n\n\n<ol class=\"has-ast-global-color-8-color has-luminous-vivid-amber-to-luminous-vivid-orange-gradient-background has-text-color has-background\" style=\"font-size:18px\">\n<li>Respeto.<\/li>\n\n\n\n<li>Lealtad<\/li>\n\n\n\n<li>Calidad<\/li>\n\n\n\n<li>Eficiencia<\/li>\n\n\n\n<li>Seguridad<\/li>\n<\/ol>\n\n\n\n<p><\/p>\n<\/div>\n<\/div>\n\n\n\n<p><\/p>\n\n\n\n<p><\/p>\n\n\n\n<p class=\"has-text-align-center has-text-color has-medium-font-size\" style=\"color:#ff0000\"><strong>Nuestro objetivo como empresa, es siempre valer y hacer valer nuestros valores, siempre teniendo como enfoque la visi\u00f3n y misi\u00f3n con nuestros colaboradores y clientes.<\/strong><\/p>\n","protected":false},"excerpt":{"rendered":"<p>Salto Nosotros Ahmex tiene bien definido cu\u00e1l es su visi\u00f3n y misi\u00f3n hacia consigo mismo como con sus clientes como a quien brinda sus servicios, as\u00ed mismo, como empresa siempre hace \u00e9nfasis en mantener una buena comunicaci\u00f3n entre sus colaboradores, tomando en cuenta los valores que dan sustento a su esencia como organizaci\u00f3n prestadora de &hellip;<\/p>\n<p class=\"read-more\"> <a class=\"\" href=\"https:\/\/ahmex.mx\/index.php\/nosotros\/\"> <span class=\"screen-reader-text\">Nosotros<\/span> Read More &raquo;<\/a><\/p>\n","protected":false},"author":2,"featured_media":0,"parent":0,"menu_order":0,"comment_status":"closed","ping_status":"closed","template":"","meta":{"site-sidebar-layout":"default","site-content-layout":"default","ast-global-header-display":"","ast-main-header-display":"","ast-hfb-above-header-display":"","ast-hfb-below-header-display":"","ast-hfb-mobile-header-display":"","site-post-title":"disabled","ast-breadcrumbs-content":"","ast-featured-img":"","footer-sml-layout":"","theme-transparent-header-meta":"disabled","adv-header-id-meta":"","stick-header-meta":"","header-above-stick-meta":"","header-main-stick-meta":"","header-below-stick-meta":""},"_links":{"self":[{"href":"https:\/\/ahmex.mx\/index.php\/wp-json\/wp\/v2\/pages\/106"}],"collection":[{"href":"https:\/\/ahmex.mx\/index.php\/wp-json\/wp\/v2\/pages"}],"about":[{"href":"https:\/\/ahmex.mx\/index.php\/wp-json\/wp\/v2\/types\/page"}],"author":[{"embeddable":true,"href":"https:\/\/ahmex.mx\/index.php\/wp-json\/wp\/v2\/users\/2"}],"replies":[{"embeddable":true,"href":"https:\/\/ahmex.mx\/index.php\/wp-json\/wp\/v2\/comments?post=106"}],"version-history":[{"count":61,"href":"https:\/\/ahmex.mx\/index.php\/wp-json\/wp\/v2\/pages\/106\/revisions"}],"predecessor-version":[{"id":1235,"href":"https:\/\/ahmex.mx\/index.php\/wp-json\/wp\/v2\/pages\/106\/revisions\/1235"}],"wp:attachment":[{"href":"https:\/\/ahmex.mx\/index.php\/wp-json\/wp\/v2\/media?parent=106"}],"curies":[{"name":"wp","href":"https:\/\/api.w.org\/{rel}","templated":true}]}}